prime factors of 0/r - (j - 41)?
41
Let x be (10 - (-6)/(-3)) + 4. Suppose -x*s + 10*s + 268 = 0. List the prime factors of s.
2, 67
Suppose -14140 = 9*o - 19*o. What are the prime factors of o?
2, 7, 101
Suppose 0 = -6*x - 8*x + 686. Suppose 3*g - x = 209. What are the prime factors of g?
2, 43
Suppose 0*r - 7843 = -31*r. What are the prime factors of r?
11, 23
Let y(p) = -6*p**2 + 3*p - 4. Let w be y(3). Let j = -13 - w. List the prime factors of j.
2, 3
Suppose -2*j + 274 = -r - 131, -2*j = r - 407. What are the prime factors of j?
7, 29
Let n = -30 + 48. Let h = n - 16. Let w = 19 - h. List the prime factors of w.
17
Let r(b) = b**3 + 4*b**2 - 15*b + 11. List the prime factors of r(5).
7, 23
Suppose -3*d + m + 14277 = 0, -7835 - 11201 = -4*d + 2*m. What are the prime factors of d?
4759
Let m(s) = 10*s**2 - 4. Let x be m(-4). Suppose x + 59 = 5*l. Suppose 5*a + 3*u = -8 + l, -2*u = 2*a - 14. What are the prime factors of a?
7
Suppose 27*h - 13560 = 12*h. What are the prime factors of h?
2, 113
Suppose n - 2 = 2*t, 0 = 4*t - n + 2 - 0. Suppose -2*h + 4*w - 10 = 0, 5*h + t + 25 = -5*w. List the prime factors of ((-6)/h)/((-16)/(-80)).
2, 3
Suppose -3*n - 3*v - 34 = -97, n - 2*v - 15 = 0. Let g = -18 + n. List the prime factors of (-24)/(-14)*g*14.
2, 3
Let i(o) = 155*o**2. What are the prime factors of i(-1)?
5, 31
Suppose -5*k - 25 = 0, 4*o = -2*k + 60 - 18. Let q = o - 13. Suppose 3*g - 36 + 3 = q. What are the prime factors of g?
11
Let l(j) = 8*j - 1 + 7 - 1 + 3. What are the prime factors of l(4)?
2, 5
Let r be 988/(-234) - 4/(-18). What are the prime factors of -3*(r - -6)/(-6) + 11?
2, 3
Suppose 16 = -4*t + 2*t. Let n(u) = 2*u**2 + 12*u + 14. List the prime factors of n(t).
2, 23
Let b be (-296)/(-2) - 3 - -2. Suppose 2*p + p = b. List the prime factors of p.
7
Suppose -12*u - 366 = -11*u. Let t = -230 - u. What are the prime factors of t?
2, 17
Let t(b) = b**2 + 2*b + 1. Let z be t(-3). Suppose -z = 3*c - 10. Suppose 7 = -4*i + 5*y, -c*y + 6*y - 6 = 3*i. What are the prime factors of i?
2
What are the prime factors of (-1)/5 - -3*(-25724)/(-60)?
2, 643
Let c be 1/(-2 + (-429)/(-216)). List the prime factors of 64/6 + (-24)/c.
11
Let n(s) = -8*s**2 + 9*s + 21. Let o(g) = -g**2 - g + 1. Let y(a) = -n(a) + 3*o(a). What are the prime factors of y(8)?
2, 103
Suppose 2*m - 5*j = 52, 8*j = 3*m + 3*j - 73. Let a = m - 3. Suppose 21*i = a*i + 84. List the prime factors of i.
2, 7
What are the prime factors of 200/(-14)*(-4)/((-8)/(-175))?
2, 5
Let z(o) be the first derivative of -o**5/60 - o**4/4 + o**3 - o**2 - 1. Let d(u) be the second derivative of z(u). List the prime factors of d(-6).
2, 3
Let s be 0 - (-45 + 2) - -1. Let z = s + -32. What are the prime factors of z?
2, 3
Suppose 5*v - 4929 = -1234. What are the prime factors of v?
739
Suppose -2*t = -374 - 606. List the prime factors of t.
2, 5, 7
Suppose -1698 = -2*j - u, 0 = -2*j - 3*j - 5*u + 4245. List the prime factors of j.
3, 283
Let q(w) = 33*w - 1. Let i be -4 - 7/((-21)/18). Let z(s) = -133*s + 3. Let r(o) = i*z(o) + 9*q(o). List the prime factors of r(1).
2, 7
Suppose 71*p - 88*p = -63495. List the prime factors of p.
3, 5, 83
Suppose -4*n = w - 12513, 2*w + 9393 = n + 2*n. List the prime factors of n.
3, 7, 149
What are the prime factors of (1 - (-5)/(-2))*(-22 + -340)?
3, 181
Suppose -142 + 0 = -2*o. Suppose -5*c + o = 2*r, -115 = -2*r - 2*r - c. What are the prime factors of r?
2, 7
Let a(x) = -24*x - 295. List the prime factors of a(-26).
7, 47
Suppose -3*d + 331 = 2*x, -d + 4*x + 73 = -42. List the prime factors of d.
3, 37
Suppose 0 = 2*p - 6*p - 12, i + p - 17 = 0. Let u(a) = a**2 - 3*a + 2. Let o be u(3). List the prime factors of (o - 2/2) + i.
3, 7
Let l = 901 + -254. Suppose -3441 = -11*v - l. What are the prime factors of v?
2, 127
Let z(s) = s**3 + 11*s**2 + 11*s + 4. Let l be z(-10). Let n(d) = 6*d**2 - 16*d + 3. What are the prime factors of n(l)?
3, 5, 7
Let a(v) = v + 5 - 5*v - 3 + v. List the prime factors of a(-9).
29
Suppose 25*v - 616 = 24*v. List the prime factors of v.
2, 7, 11
Suppose 0 = -30*o + 132 - 492. Let r(z) = -2*z - 1 + 1. List the prime factors of r(o).
2, 3
Let r = 38 - 30. Let j = r - 5. Suppose j*c - 3*p = 6, -2*p - p - 8 = -4*c. List the prime factors of c.
2
Let y be (-7 + -2)*(9 - 8). Let d be -2*y/6 + 1. Suppose -d*s = -s - 102. List the prime factors of s.
2, 17
Let h(l) = 34*l - 70. What are the prime factors of h(7)?
2, 3, 7
Let a be (25 + -5)*(2 + (-3)/4). Suppose 0 = -3*c + 275 + a. What are the prime factors of c?
2, 5
Let d(w) = -2*w**3 - 18*w**2 - w + 6. Let v be (-1 - (-10)/6) + 256/(-24). What are the prime factors of d(v)?
2, 3
Suppose 3*k - 4 = 2*q, -2*q - 8*k + 4*k = -24. Let w = q - -17. List the prime factors of w.
3, 7
Let g be 18/(-45) + 156/(-10). Let r = 51 + g. Suppose -o + r = 2*l, o + 25 = -4*o. What are the prime factors of l?
2, 5
Let y = -680 - -1223. List the prime factors of y.
3, 181
Let r(w) be the first derivative of -2*w**3/3 - 5*w**2/2 + 96*w + 25. List the prime factors of r(0).
2, 3
Let j = 49 + -17. Let q = -9 + j. Let z = q - 15. What are the prime factors of z?
2
Let f(t) = 19 - 8 + 3*t**2 + 4*t - 3*t**2 + t**2. What are the prime factors of f(-6)?
23
Let y = 2541 + -730. What are the prime factors of y?
1811
Let a(t) = t**3 - 4*t**2 - 5*t + 9. Let d be a(5). Let o be (-6)/d - 6/(-9). Suppose s = -0*s + 2*k + 83, o = -5*k - 15. What are the prime factors of s?
7, 11
Let r(u) = 63*u - 52. What are the prime factors of r(10)?
2, 17
Suppose -3*d - 3 = -6. Suppose 0 = -2*s - 2*k - 4, -k + d = -3*s + 11. What are the prime factors of s?
2
Let n(o) = -4*o**2 + 6*o - 3. Let c(d) = -7*d**2 + 12*d - 6. Let t(b) = -3*c(b) + 5*n(b). Let z be t(6). Suppose v - z = 17. What are the prime factors of v?
2, 5
Let b be (3/1)/(2/2). Suppose -2*a + 725 = b*a. Suppose 4*q + 34 - a = -3*h, 3*q + 3*h = 84. What are the prime factors of q?
3
Let l(v) = -v**3 + 12*v**2 + 12*v + 18. Let b be l(13). Suppose 3*g = -q - 3*q + 142, 4*g + 2*q = 186. Suppose 0 = -b*a + g - 1. List the prime factors of a.
3
Let o(q) = -q**3 + 4*q**2 + 3*q + 3208. List the prime factors of o(0).
2, 401
Let m = -18 - -8. Let f = 126 + -134. What are the prime factors of (-8)/m*(-100)/f?
2, 5
Let r be (0 - 10)/((-1)/1). Let k = r + -9. Let p(i) = 9*i**2 + i. List the prime factors of p(k).
2, 5
Let u(c) = 2*c**3 - 5*c**2 + 6*c. Let x be u(3). Let w = x + 39. List the prime factors of w.
2, 3, 11
Suppose -70 = -2*j - 3*j. Let l = -14 + j. Suppose 4*s + 0*s + 34 = 2*f, l = 3*s. List the prime factors of f.
17
Suppose c + 5*k - 340 = -0*c, c - 352 = -2*k. Suppose 4*s - c = -0*s. List the prime factors of s.
2, 3, 5
What are the prime factors of 970 + -18 + 7 + -3?
2, 239
Let c = -42 - -72. Suppose -5*b + c = -3*b. Let p = 35 - b. List the prime factors of p.
2, 5
Let u(i) = -i**3 - 12*i + 4*i**2 - 13 - 17*i**2 - 3*i. Let t be u(-11). List the prime factors of t/(0 - 9/6).
2, 3, 5
Let i(x) = 2*x + 28. Let j be i(-12). Let v(k) = -21*k + 4 - j - 6. List the prime factors of v(-2).
2, 3
Let b(d) = -4*d**2 + 17*d + 3. Let z(u) = -u**2 + 4*u + 1. Let k(r) = -2*b(r) + 9*z(r). Let f be k(3). Suppose f = -5*s + 201 - 71. List the prime factors of s.
2, 13
Suppose 12 + 1 = m. Suppose m = d + 9. Suppose 0 = d*x - x - 42. What are the prime factors of x?
2, 7
Let c(t) = -t**3 + t**2 + 3*t. Let v(o) = -2*o**3 + 3*o**2 + 7*o - 1. Let l(z) = -5*c(z) + 2*v(z). Let u be l(0). List the prime factors of 0 - 1/(u/84).
2, 3, 7
Suppose 7*a - 2*d = 2*a - 19, 17 = -5*a + d. Let q = 48 + -32. Let b = a + q. List the prime factors of b.
13
Suppose 3*x + 532 = -4*h - h, h + 174 = -x. Let r = 377 + x. Suppose c = -5*p - 0*c + r, p = -3*c + 50. List the prime factors of p.
41
Let p(m) = 13*m**2 + 8*m - 11. Let b be p(7). Suppose -3*s + 5*n + b = -0*n, -n = -3*s + 698. What are the prime factors of s?
2, 3, 13
Suppose 0 = -0*i + 3*i + 78. Let o be (-38)/(-9) + i/117. List the prime factors of o/(-18) - (-328)/18.
2, 3
Let h be (6/(-12))/(1/(-12)). Suppose -h*w + 147 = -3*w. List the prime factors of w.
7
Suppose -4*w = -4*d - 136, -w - 4*w + 3*d + 162 = 0. List the prime factors of (w/9 - 4)*-18.
2, 3
Let w = -4079 - -6564. What are the prime factors of w?
5, 7, 71
Suppose 24 =